{"id":30,"date":"2015-04-20T11:50:02","date_gmt":"2015-04-20T09:50:02","guid":{"rendered":"http:\/\/www.felivents.com\/?page_id=30"},"modified":"2015-07-27T11:14:33","modified_gmt":"2015-07-27T09:14:33","slug":"test-2","status":"publish","type":"page","link":"https:\/\/www.felivents.com\/?page_id=30","title":{"rendered":"FeliVent&#8217;s Dienstleistungen &#8211; Wir \u00fcber uns."},"content":{"rendered":"<figure id=\"attachment_79\" class=\"thumbnail wp-caption alignleft\" style=\"width: 210px\"><a href=\"http:\/\/www.felivents.com\/wp-content\/uploads\/2015\/04\/eric_verena.jpg\"><img loading=\"lazy\" decoding=\"async\" class=\"wp-image-79\" src=\"http:\/\/www.felivents.com\/wp-content\/uploads\/2015\/04\/eric_verena-150x150.jpg\" alt=\"Eric M\u00fcller und Verena Hoffmann \u2013 die K\u00f6pfe der FeliVent\u2019s Dienstleistungen\" width=\"210\" height=\"194\" srcset=\"https:\/\/www.felivents.com\/wp-content\/uploads\/2015\/04\/eric_verena-300x277.jpg 300w, https:\/\/www.felivents.com\/wp-content\/uploads\/2015\/04\/eric_verena.jpg 1000w\" sizes=\"auto, (max-width: 210px) 100vw, 210px\" \/><\/a><figcaption class=\"caption wp-caption-text\">Eric M\u00fcller und Verena Hoffmann \u2013 die K\u00f6pfe der FeliVent\u2019s Dienstleistungen<\/figcaption><\/figure>\n<p>FeliVent\u2019s Dienstleistungen ist seit seiner Gr\u00fcndung im Jahr 2013 ein kompetenter Partner im Bereich des Veranstaltungs- und Gastronomiegewerbes. Die Firmengr\u00fcnderin Verena Hoffmann hat das Hotel- und Gastronomiefach in der gehobenen Hotellerie von der Pike auf gelernt und blickt auf zahlreiche Engagements in der Eventgastronomie zur\u00fcck. Mit FeliVent\u2019s Dienstleistungen betreut Sie seit nunmehr zw\u00f6lf Jahren bundesweit Messen und Kongresse, Galaveranstaltungen und Privatempf\u00e4nge. Nach der Kooperation mit der Firma MSC-Guard er\u00f6ffnete FeliVent\u2019s Dienstleistungen eine Zweigstelle in Potsdam und erweiterte sein Portfolio damit um die Veranstaltungsabsicherung.<\/p>\n<p>Es ist der Reiz am Besonderen und Exclusivem, der unser Team mit Freude, Frische und Kreativit\u00e4t `zaubern` l\u00e4sst, um f\u00fcr unsere Kunden das Maximum aus dem Potenzial ihrer Marken und Produkte zu holen.<\/p>\n<p>Dieser hohe Anspruch des FeliVent`s Dienstleistungen-Teams an sich selbst wird auch von allen beteiligten Gewerken gefordert. Die erstklassige Professionalit\u00e4t ist unabdingbar f\u00fcr unsere Projekte.<\/p>\n<p>Wenn es darum geht, eine Veranstaltung optimal zu inszenieren und Sie als Unternehmer\/ Unternehmen beeindruckend zu pr\u00e4sentieren, dann d\u00fcrfen Sie sich vertrauensvoll in unsere H\u00e4nde begeben.<\/p>\n<p>&nbsp;<\/p>\n<p>Das bieten wir:<\/p>\n<ul>\n<li>Projektplanung von der reinen Idee bis zum JA!-Effekt durch unsere professionelle und leidenschaftliche Umsetzung<\/li>\n<li>Bereitstellung von qualifizierten und handverlesenen Hostessen und Hosts<\/li>\n<\/ul>\n<p>&nbsp;<\/p>\n<p><strong>Exzellente und aufgabenspezifische Qualit\u00e4t, Charme und Frische zeichnen unser Unternehmen aus. Ein Team aus Fachkr\u00e4ften, die das, was Sie tun, mit Leidenschaft und Herz f\u00fcr Sie umsetzen.<\/strong><\/p>\n<h4>Gut ist nicht gut genug, unser Ziel ist Perfektion<\/h4>\n<p>&nbsp;<\/p>\n","protected":false},"excerpt":{"rendered":"<p>FeliVent\u2019s Dienstleistungen ist seit seiner Gr\u00fcndung im Jahr 2013 ein kompetenter Partner im Bereich des Veranstaltungs- und Gastronomiegewerbes. Die Firmengr\u00fcnderin Verena Hoffmann hat das Hotel- und Gastronomiefach in der gehobenen Hotellerie von der Pike auf gelernt und blickt auf zahlreiche &hellip; <a href=\"https:\/\/www.felivents.com\/?page_id=30\">Weiter<\/a><\/p>\n","protected":false},"author":1,"featured_media":0,"parent":0,"menu_order":0,"comment_status":"open","ping_status":"open","template":"page-fullwidth.php","meta":{"footnotes":""},"class_list":["post-30","page","type-page","status-publish","hentry"],"_links":{"self":[{"href":"https:\/\/www.felivents.com\/index.php?rest_route=\/wp\/v2\/pages\/30","targetHints":{"allow":["GET"]}}],"collection":[{"href":"https:\/\/www.felivents.com\/index.php?rest_route=\/wp\/v2\/pages"}],"about":[{"href":"https:\/\/www.felivents.com\/index.php?rest_route=\/wp\/v2\/types\/page"}],"author":[{"embeddable":true,"href":"https:\/\/www.felivents.com\/index.php?rest_route=\/wp\/v2\/users\/1"}],"replies":[{"embeddable":true,"href":"https:\/\/www.felivents.com\/index.php?rest_route=%2Fwp%2Fv2%2Fcomments&post=30"}],"version-history":[{"count":10,"href":"https:\/\/www.felivents.com\/index.php?rest_route=\/wp\/v2\/pages\/30\/revisions"}],"predecessor-version":[{"id":122,"href":"https:\/\/www.felivents.com\/index.php?rest_route=\/wp\/v2\/pages\/30\/revisions\/122"}],"wp:attachment":[{"href":"https:\/\/www.felivents.com\/index.php?rest_route=%2Fwp%2Fv2%2Fmedia&parent=30"}],"curies":[{"name":"wp","href":"https:\/\/api.w.org\/{rel}","templated":true}]}}